{"id":214,"date":"2018-02-25T18:46:08","date_gmt":"2018-02-25T18:46:08","guid":{"rendered":"https:\/\/didierjoris.com\/?page_id=214"},"modified":"2018-12-03T08:32:05","modified_gmt":"2018-12-03T08:32:05","slug":"art-epi-2","status":"publish","type":"page","link":"https:\/\/didierjoris.com\/?page_id=214","title":{"rendered":"Art \u00e9pistolaire"},"content":{"rendered":"<p style=\"text-align: justify;\">Je fus invit\u00e9 en octobre 2016 par mon amie Mich\u00e8le Divoy, auteur slam r\u00e9put\u00e9e, \u00e0 participer \u00e0 la revue litt\u00e9raire \u00bb la bafouille incontinente\u00a0\u00bb.<\/p>\n<p style=\"text-align: justify;\">Destin\u00e9e \u00e0 ranimer l\u2019art \u00e9pistolaire maltrait\u00e9 par la forme abr\u00e9g\u00e9e des courriels et textos, ce trimestriel est pilot\u00e9 par Marcelle Imhauser, figure bien connue pour son parcours \u00e0 la radiot\u00e9l\u00e9vision belge (RTBF) et son implication dans divers projets, comme animatrice, auteur ou encore collagiste.<\/p>\n<p style=\"text-align: justify;\">Le terme argotique\u00a0\u00ab bafouille\u00a0\u00bb fut choisi comme signal d\u2019ouverture \u00e0 tous les publics. Par ailleurs, le qualificatif \u00ab incontinente\u00a0\u00bb invite au l\u00e2cher-prise \u00e0 l\u2019\u00e9gard de ses propres freins, comme par rapport au th\u00e8me impos\u00e9. Ce dernier est propos\u00e9 comme point de d\u00e9part d\u2019une missive qui n\u2019arrivera jamais, et pour cause, \u00e0 son destinataire.\u00a0Au moment de la publication, les lettres sont lues en public \u00e0 l\u2019Aquilone, \u00e0 Li\u00e8ge.<\/p>\n<p><strong>Dans cet onglet, vous d\u00e9couvrirez :<\/strong><\/p>\n<p style=\"padding-left: 30px;\">N\u00b050 <a href=\"https:\/\/didierjoris.com\/?page_id=504\">Lettre \u00e0 ne pas envoyer (09\/18)<\/a><\/p>\n<p style=\"padding-left: 30px;\">N\u00b049 <a href=\"https:\/\/didierjoris.com\/?p=493\">Lettre \u00e0 un facteur de risques (06\/18)<\/a><\/p>\n<p style=\"padding-left: 30px;\">N\u00b048 <a href=\"https:\/\/didierjoris.com\/?p=83\">Je vous dois une explication (Discours\u00a012\/17)<\/a><\/p>\n<p style=\"padding-left: 30px;\">N\u00b047 <a href=\"https:\/\/didierjoris.com\/?p=85\">Lettre \u00e0 mon \u0153il (09\/17)<\/a><\/p>\n<p style=\"padding-left: 30px;\">N\u00b046<a href=\"https:\/\/didierjoris.com\/?p=103\"> Lettre \u00e0 un ingrat<\/a><\/p>\n<p style=\"padding-left: 30px;\">N\u00b045 <a href=\"https:\/\/didierjoris.com\/?p=187\">Lettre \u00e0 un brocanteur (03\/17)<\/a><\/p>\n<p style=\"padding-left: 30px;\">N\u00b044<a href=\"https:\/\/didierjoris.com\/?p=190\"> Lettre de rupture (12\/16)<\/a><\/p>\n","protected":false},"excerpt":{"rendered":"<p>Je fus invit\u00e9 en octobre 2016 par mon amie Mich\u00e8le Divoy, auteur slam r\u00e9put\u00e9e, \u00e0 participer \u00e0 la revue litt\u00e9raire \u00bb la bafouille incontinente\u00a0\u00bb. Destin\u00e9e \u00e0 ranimer l\u2019art \u00e9pistolaire maltrait\u00e9 par la forme abr\u00e9g\u00e9e des courriels et textos, ce trimestriel est pilot\u00e9 par Marcelle Imhauser, figure bien connue pour son parcours \u00e0 la radiot\u00e9l\u00e9vision belge &hellip; <\/p>\n<p class=\"link-more\"><a href=\"https:\/\/didierjoris.com\/?page_id=214\" class=\"more-link\">Continuer la lecture<span class=\"screen-reader-text\"> de &laquo;&nbsp;Art \u00e9pistolaire&nbsp;&raquo;<\/span><\/a><\/p>\n","protected":false},"author":1,"featured_media":0,"parent":0,"menu_order":0,"comment_status":"closed","ping_status":"closed","template":"","meta":{"footnotes":""},"class_list":["post-214","page","type-page","status-publish","hentry"],"_links":{"self":[{"href":"https:\/\/didierjoris.com\/index.php?rest_route=\/wp\/v2\/pages\/214","targetHints":{"allow":["GET"]}}],"collection":[{"href":"https:\/\/didierjoris.com\/index.php?rest_route=\/wp\/v2\/pages"}],"about":[{"href":"https:\/\/didierjoris.com\/index.php?rest_route=\/wp\/v2\/types\/page"}],"author":[{"embeddable":true,"href":"https:\/\/didierjoris.com\/index.php?rest_route=\/wp\/v2\/users\/1"}],"replies":[{"embeddable":true,"href":"https:\/\/didierjoris.com\/index.php?rest_route=%2Fwp%2Fv2%2Fcomments&post=214"}],"version-history":[{"count":9,"href":"https:\/\/didierjoris.com\/index.php?rest_route=\/wp\/v2\/pages\/214\/revisions"}],"predecessor-version":[{"id":518,"href":"https:\/\/didierjoris.com\/index.php?rest_route=\/wp\/v2\/pages\/214\/revisions\/518"}],"wp:attachment":[{"href":"https:\/\/didierjoris.com\/index.php?rest_route=%2Fwp%2Fv2%2Fmedia&parent=214"}],"curies":[{"name":"wp","href":"https:\/\/api.w.org\/{rel}","templated":true}]}}