{"id":294,"date":"2018-02-28T19:45:45","date_gmt":"2018-02-28T19:45:45","guid":{"rendered":"https:\/\/didierjoris.com\/?page_id=294"},"modified":"2020-05-01T15:47:34","modified_gmt":"2020-05-01T15:47:34","slug":"contact","status":"publish","type":"page","link":"https:\/\/didierjoris.com\/?page_id=294","title":{"rendered":"Contact et mentions l\u00e9gales"},"content":{"rendered":"\n<p>CONTACT<\/p>\n\n\n\n<p>Si vous souhaitez nous joindre, nous vous remercions de compl\u00e9ter le formulaire repris ci-dessous. Nous prendrons contact avec vous dans les plus brefs d\u00e9lais.<\/p>\n\n\n<div class=\"wpforms-container wpforms-container-full wpforms-block\" id=\"wpforms-959\"><form id=\"wpforms-form-959\" class=\"wpforms-validate wpforms-form\" data-formid=\"959\" method=\"post\" enctype=\"multipart\/form-data\" action=\"\/index.php?rest_route=%2Fwp%2Fv2%2Fpages%2F294\" data-token=\"d47d440f84ac82f4eeefc197453a75aa\" data-token-time=\"1778588090\"><noscript class=\"wpforms-error-noscript\">Veuillez activer JavaScript dans votre navigateur pour remplir ce formulaire.<\/noscript><div class=\"wpforms-field-container\"><div id=\"wpforms-959-field_0-container\" class=\"wpforms-field wpforms-field-name\" data-field-id=\"0\"><label class=\"wpforms-field-label\">Nom <span class=\"wpforms-required-label\">*<\/span><\/label><div class=\"wpforms-field-row wpforms-field-medium\"><div class=\"wpforms-field-row-block wpforms-first wpforms-one-half\"><input type=\"text\" id=\"wpforms-959-field_0\" class=\"wpforms-field-name-first wpforms-field-required\" name=\"wpforms[fields][0][first]\" required><label for=\"wpforms-959-field_0\" class=\"wpforms-field-sublabel after\">Pr\u00e9nom<\/label><\/div><div class=\"wpforms-field-row-block wpforms-one-half\"><input type=\"text\" id=\"wpforms-959-field_0-last\" class=\"wpforms-field-name-last wpforms-field-required\" name=\"wpforms[fields][0][last]\" required><label for=\"wpforms-959-field_0-last\" class=\"wpforms-field-sublabel after\">Nom<\/label><\/div><\/div><\/div><div id=\"wpforms-959-field_3-container\" class=\"wpforms-field wpforms-field-text\" data-field-id=\"3\"><label class=\"wpforms-field-label\" for=\"wpforms-959-field_3\">T\u00e9l\u00e9phone portable<\/label><input type=\"text\" id=\"wpforms-959-field_3\" class=\"wpforms-field-small\" name=\"wpforms[fields][3]\" ><\/div><div id=\"wpforms-959-field_1-container\" class=\"wpforms-field wpforms-field-email\" data-field-id=\"1\"><label class=\"wpforms-field-label\" for=\"wpforms-959-field_1\">E-mail <span class=\"wpforms-required-label\">*<\/span><\/label><input type=\"email\" id=\"wpforms-959-field_1\" class=\"wpforms-field-medium wpforms-field-required\" name=\"wpforms[fields][1]\" spellcheck=\"false\" required><\/div><div id=\"wpforms-959-field_2-container\" class=\"wpforms-field wpforms-field-textarea\" data-field-id=\"2\"><label class=\"wpforms-field-label\" for=\"wpforms-959-field_2\">Commentaire ou message <span class=\"wpforms-required-label\">*<\/span><\/label><textarea id=\"wpforms-959-field_2\" class=\"wpforms-field-medium wpforms-field-required\" name=\"wpforms[fields][2]\" required><\/textarea><\/div><\/div><!-- .wpforms-field-container --><div class=\"wpforms-field wpforms-field-hp\"><label for=\"wpforms-959-field-hp\" class=\"wpforms-field-label\">Name<\/label><input type=\"text\" name=\"wpforms[hp]\" id=\"wpforms-959-field-hp\" class=\"wpforms-field-medium\"><\/div><div class=\"wpforms-recaptcha-container wpforms-is-recaptcha wpforms-is-recaptcha-type-v3\" ><input type=\"hidden\" name=\"wpforms[recaptcha]\" value=\"\"><\/div><div class=\"wpforms-submit-container\" ><input type=\"hidden\" name=\"wpforms[id]\" value=\"959\"><input type=\"hidden\" name=\"page_title\" value=\"\"><input type=\"hidden\" name=\"page_url\" value=\"https:\/\/didierjoris.com\/index.php?rest_route=\/wp\/v2\/pages\/294\"><input type=\"hidden\" name=\"url_referer\" value=\"\"><button type=\"submit\" name=\"wpforms[submit]\" id=\"wpforms-submit-959\" class=\"wpforms-submit\" data-alt-text=\"Envoi...\" data-submit-text=\"Envoyer\" aria-live=\"assertive\" value=\"wpforms-submit\">Envoyer<\/button><\/div><\/form><\/div>  <!-- .wpforms-container -->\n\n\n<p><\/p>\n\n\n<p>MENTIONS LEGALES<\/p>\n<p style=\"text-align: justify;\">Il vous est loisible de visiter ce site sans devoir nous fournir d\u2019informations personnelles. Si vous choisissez de nous fournir des informations personnelles, nous traiterons vos donn\u00e9es en respectant les dispositions l\u00e9gales telles que reprises dans le RGPD.<\/p>\n<p>Responsable du traitement<\/p>\n<p>Les donn\u00e9es \u00e0 caract\u00e8re personnel que vous nous transmettez sont enregistr\u00e9es et trait\u00e9es par&nbsp;la D Joris, rue de Joie 39 \u00e0 4000 Li\u00e8ge.<\/p>\n<p>Finalit\u00e9 de traitement des donn\u00e9es<\/p>\n<p style=\"text-align: justify;\">R\u00e9pondre aux questions, suggestions, propositions, remarques, commentaires post\u00e9s via le lien li\u00e9 \u00e0 notre adresse mail.<\/p>\n<p style=\"text-align: justify;\">Dur\u00e9e de conservation<\/p>\n<p style=\"text-align: justify;\">Les donn\u00e9es ne sont pas conserv\u00e9es au-del\u00e0 de la p\u00e9riode n\u00e9cessaire au traitement de votre demande. Les donn\u00e9es que vous nous fournissez ne sont pas communiqu\u00e9es \u00e0 des tiers.<\/p>\n<p style=\"text-align: justify;\">Consentement au traitement de vos donn\u00e9es<\/p>\n<p style=\"text-align: justify;\">En nous fournissant des donn\u00e9es \u00e0 caract\u00e8re personnel, vous consentez \u00e0 ce que nous traitions cette information pour les finalit\u00e9s indiqu\u00e9es. Si nous souhaitons traiter vos donn\u00e9es \u00e0 des fins de marketing direct nous vous le demanderons de mani\u00e8re expresse.<\/p>\n<p>Cookies<\/p>\n<p style=\"text-align: justify;\">Afin de faciliter votre navigation sur notre site et d\u2019optimiser la gestion technique de celui-ci, le site peut utiliser des cookies en fonction de la politique de cookies de notre fournisseur.<br>Un cookie est une petite pi\u00e8ce d\u2019information sauvegard\u00e9e par un site Web au sein du navigateur internet de votre ordinateur. Ce cookie peut \u00eatre r\u00e9cup\u00e9r\u00e9 lors d\u2019une visite ult\u00e9rieure sur ce m\u00eame site. La plupart des cookies ne fonctionnent que le temps d\u2019une session ou visite. Aucun d\u2019entre eux ne contient d\u2019informations vous rendant susceptible de pouvoir \u00eatre contact\u00e9 par t\u00e9l\u00e9phone, courrier \u00e9lectronique ou postal. Il vous est \u00e9galement possible de configurer votre navigateur pour vous informer lors de chaque cr\u00e9ation de \u00ab&nbsp;cookie&nbsp;\u00bb ou pour emp\u00eacher leur enregistrement.<\/p>\n<p>Vos droits<\/p>\n<p style=\"text-align: justify;\">Moyennant une demande dat\u00e9e et sign\u00e9e adress\u00e9e \u00e0 D Joris, rue de Joie, 39 \u00e0 4000 Li\u00e8ge, toute personne justifiant de son identit\u00e9 (copie carte d\u2019identit\u00e9), peut obtenir gratuitement la communication des donn\u00e9es la concernant. Vos donn\u00e9es vous seront communiqu\u00e9es dans les 30 jours de la r\u00e9ception de votre demande.<\/p>\n<p style=\"text-align: justify;\">Le cas \u00e9ch\u00e9ant, vous pouvez demander la rectification de vos donn\u00e9es (incompl\u00e8tes, non pertinentes ou inexactes) ou l\u2019effacement de celles-ci.<\/p>\n<p style=\"text-align: justify;\">Photos<\/p>\n<p>Les photos pr\u00e9sentent sur ce site ont fait l\u2019objet d\u2019un accord des int\u00e9ress\u00e9s ou sont libres de droit et issues pour la plupart de pixabay.com .<\/p>\n<p>Contenu &amp; Copyright<\/p>\n<p>Le contenu des textes repris dans ce site n\u2019engage que son auteur.<\/p>\n<p>Tous les textes repris dans ce site sont prot\u00e9g\u00e9s par les droits d\u2019auteurs et ont fait l\u2019objet d\u2019un d\u00e9p\u00f4t de protection aupr\u00e8s d\u2019un organisme reconnu (SABAM). Toute reproduction totale ou partielle est interdite sans le consentement de l\u2019auteur.<\/p>\n<p>L\u2019\u00e9diteur responsable de ce site est Didier Joris, rue de Joie, 39 \u00e0 4000 Li\u00e8ge.<\/p>","protected":false},"excerpt":{"rendered":"<p>CONTACT Si vous souhaitez nous joindre, nous vous remercions de compl\u00e9ter le formulaire repris ci-dessous. Nous prendrons contact avec vous dans les plus brefs d\u00e9lais. MENTIONS LEGALES Il vous est loisible de visiter ce site sans devoir nous fournir d\u2019informations personnelles. Si vous choisissez de nous fournir des informations personnelles, nous traiterons vos donn\u00e9es en &hellip; <\/p>\n<p class=\"link-more\"><a href=\"https:\/\/didierjoris.com\/?page_id=294\" class=\"more-link\">Continuer la lecture<span class=\"screen-reader-text\"> de &laquo;&nbsp;Contact et mentions l\u00e9gales&nbsp;&raquo;<\/span><\/a><\/p>\n","protected":false},"author":1,"featured_media":0,"parent":0,"menu_order":0,"comment_status":"closed","ping_status":"closed","template":"","meta":{"footnotes":""},"class_list":["post-294","page","type-page","status-publish","hentry"],"_links":{"self":[{"href":"https:\/\/didierjoris.com\/index.php?rest_route=\/wp\/v2\/pages\/294","targetHints":{"allow":["GET"]}}],"collection":[{"href":"https:\/\/didierjoris.com\/index.php?rest_route=\/wp\/v2\/pages"}],"about":[{"href":"https:\/\/didierjoris.com\/index.php?rest_route=\/wp\/v2\/types\/page"}],"author":[{"embeddable":true,"href":"https:\/\/didierjoris.com\/index.php?rest_route=\/wp\/v2\/users\/1"}],"replies":[{"embeddable":true,"href":"https:\/\/didierjoris.com\/index.php?rest_route=%2Fwp%2Fv2%2Fcomments&post=294"}],"version-history":[{"count":32,"href":"https:\/\/didierjoris.com\/index.php?rest_route=\/wp\/v2\/pages\/294\/revisions"}],"predecessor-version":[{"id":961,"href":"https:\/\/didierjoris.com\/index.php?rest_route=\/wp\/v2\/pages\/294\/revisions\/961"}],"wp:attachment":[{"href":"https:\/\/didierjoris.com\/index.php?rest_route=%2Fwp%2Fv2%2Fmedia&parent=294"}],"curies":[{"name":"wp","href":"https:\/\/api.w.org\/{rel}","templated":true}]}}